nvert 162308 (base 13) to base 11.
34443a
Convert 22230400 (base 5) to base 12.
95325
5ec35 (base 16) to base 10
388149
Convert -19b45 (base 14) to base 12.
-31981
215969 (base 10) to base 15
43ece
What is -44454450 (base 6) in base 15?
-1b87b0
What is -416212 (base 7) in base 13?
-268a8
What is -3162688 (base 9) in base 6?
-100154042
Convert -3010330132 (base 4) to base 9.
-1458507
-2cc0a (base 14) to base 16
-1b5fa
What is 163127 (base 8) in base 7?
333626
Convert 5517274 (base 8) to base 14.
2a835a
Convert -131203033 (base 4) to base 15.
-25ce4
Convert -1011001000101110111 (base 2) to base 9.
-615515
Convert 120600 (base 9) to base 8.
215721
What is 193898 (base 10) in base 6?
4053402
What is -10012002100010 (base 3) in base 15?
-2370cc
What is -144a8b (base 12) in base 6?
-11143055
1e5981 (base 16) to base 3
10202001101102
-200544322 (base 6) to base 10
-3404282
Convert -40739 (base 14) to base 3.
-21212201222
Convert -21544ab (base 12) to base 15.
-85129e
100032051 (base 8) to base 9
34531287
What is 35b088 (base 14) in base 2?
111000000001101010000
Convert 5169b (base 13) to base 4.
203223200
1f756 (base 16) to base 13
4685b
-1222551113 (base 6) to base 11
-7a85427
-420343 (base 5) to base 12
-8020
Convert 118757 (base 12) to base 15.
59447
What is 10101101100100111000 (base 2) in base 4?
2231210320
Convert 4c0e7 (base 15) to base 7.
2032042
What is -303b40 (base 12) in base 6?
-24051320
Convert 33112200 (base 5) to base 14.
75d88
What is -60182 (base 11) in base 16?
-157f9
Convert -728099 (base 16) to base 14.
-dd49bb
Convert 16671534 (base 8) to base 5.
1444134111
152ab7 (base 15) to base 5
230143142
What is 64eeb (base 15) in base 13?
b2c22
-1310221 (base 8) to base 6
-11452213
593b2 (base 12) to base 2
11101001111110110
2002001122 (base 3) to base 13
157a9
61a5b9 (base 13) to base 3
11021210121000
Convert -1473cb (base 13) to base 15.
-9d945
13544044 (base 7) to base 16
1366ed
126230 (base 9) to base 14
1dd70
Convert -677706 (base 10) to base 4.
-2211131022
Convert -1100001110011010010110 (base 2) to base 15.
-434858
What is 2a53480 (base 11) in base 12?
1903522
Convert -302124 (base 6) to base 16.
-5d04
What is 102223112 (base 4) in base 8?
225326
What is -117423 (base 14) in base 7?
-5032243
Convert -1029a47 (base 12) to base 7.
-34610050
What is 1000000010110001110 (base 2) in base 14?
6c0a2
-9427a (base 12) to base 16
-2f57e
42402010 (base 6) to base 13
347664
-1583040 (base 9) to base 16
-d72f5
What is -1065045 (base 8) in base 15?
-5aacc
What is -119b5b (base 14) in base 6?
-20532245
Convert 603874 (base 12) to base 10.
1499416
What is -201323 (base 7) in base 15?
-a19b
Convert 135213 (base 7) to base 16.
64e9
101105224 (base 7) to base 4
112200230200
What is 99637 (base 12) in base 8?
614513
100110201220102 (base 3) to base 7
60533303
Convert 46d7a0 (base 14) to base 3.
11112220012201
-10c2e (base 15) to base 7
-311411
Convert -40365 (base 12) to base 4.
-110113331
What is 1213332103 (base 4) in base 7?
3422422
Convert 11a5a78 (base 12) to base 3.
20111101201202
-78815 (base 16) to base 2
-1111000100000010101
What is 417c3 (base 15) in base 2?
110010101100010001
Convert -110320223 (base 4) to base 10.
-85547
What is -3974181 (base 10) in base 5?
-2004133211
Convert -1358689 (base 13) to base 12.
-2063444
1285ac6 (base 13) to base 6
324313252
Convert -21302120 (base 4) to base 14.
-10876
Convert 2222012200002 (base 3) to base 9.
2865602
-7a47a (base 12) to base 13
-59314
14351304 (base 6) to base 10
496696
-12723 (base 9) to base 6
-103503
-2642276 (base 9) to base 8
-5406365
-328576 (base 11) to base 2
-1111111110111111011
Convert 100654 (base 9) to base 13.
21175
What is 202010011020 (base 3) in base 8?
1405271
Convert 1000100100101111001111 (base 2) to base 11.
12a5751
-3d395 (base 16) to base 4
-331032111
Convert -44140150 (base 7) to base 9.
-7117564
-26177748 (base 9) to base 11
-7297964
What is 10771221 (base 8) in base 4?
20333022101
-9952c (base 15) to base 8
-1667377
-416750 (base 10) to base 15
-83735
What is -100050023 (base 6) in base 13?
-4705cb
Convert -409380 (base 14) to base 5.
-1024123232
Convert -201010011121 (base 3) to base 7.
-3125023
What is -11101010001010101101011 (base 2) in base 6?
-432244015
Convert d4374 (base 15) to base 5.
133004114
Convert 1c14a (base 13) to base 3.
2210122211
What is -2256105 (base 7) in base 16?
-45195
-1000110010011100011 (base 2) to base 6
-10101111
56035 (base 13) to base 15
31371
Convert -12211201212220 (base 3) to base 13.
-849222
Convert 101100010001011110 (base 2) to base 7.
1353460
What is 19d6bb (base 15) in base 13?
3518cc
159628 (base 14) to base 8
2704144
-a9781 (base 12) to base 16
-36b11
What is -77170700 (base 8) in base 3?
-1011012012022111
-554177 (base 9) to base 6
-11032541
11100000011011101111 (base 2) to base 5
213404104
What is 1553324 (base 6) in base 3?
11201021121
What is -101010001101000100 (base 2) in base 8?
-521504
2142a (base 13) to base 7
340006
Convert -77206 (base 15) to base 6.
-12040040
Convert 51566563 (base 7) to base 11.
24a18a8
What is 11a064 (base 11) in base 13?
680a0
Convert -3204003 (base 6) to base 12.
-76603
Convert -44049a8 (base 11) to base 10.
-7736979
Convert -236740 (base 8) to base 10.
-81376
What is 20eb3 (base 15) in base 5?
11321233
Convert -23031665 (base 7) to base 6.
-111011532
15706a9 (base 11) to base 10
2680148
Convert -1537980 (base 10) to base 8.
-5673674
-19272 (base 11) to base 6
-324421
22230110 (base 4) to base 5
2400141
Convert 14525 (base 7) to base 16.
fc5
What is -637164 (base 8) in base 9?
-353557
Convert -186b35c (base 13) to base 5.
-4021241040
What is -12212212 (base 5) in base 11?
-7a631
537302 (base 8) to base 16
2bec2
-513774 (base 8) to base 15
-35570
Convert -341405052 (base 6) to base 14.
-b851b2
Convert 4603567 (base 9) to base 4.
21132020113
What is a4615 (base 13) in base 8?
1101006
What is 560b94 (base 12) in base 6?
45211504
Convert -5290022 (base 10) to base 16.
-50b826
Convert 155b3a (base 13) to base 15.
a622b
Convert 1011021102222 (base 3) to base 11.
390566
What is -293b17 (base 13) in base 7?
-11366040
32011120001 (base 4) to base 3
20221120111222
What is -13561610 (base 7) in base 13?
-3587a2
Convert -41bbdd (base 14) to base 15.
-2dd69c
50651273 (base 8) to base 15
e1664c
What is a33a32 (base 11) in base 2?
110010101001100010111
Convert -1413065 (base 7) to base 3.
-100120101002
-570272 (base 14) to base 12
-ba8138
Convert 3441454 (base 6) to base 7.
1334005
Convert 11157 (base 12) to base 5.
1211200
Convert a6a404 (base 11) to base 15.
23c489
-158133 (base 10) to base 5
-20030013
Convert 23344 (base 11) to base 8.
101626
Convert 2264402 (base 8) to base 6.
21115042
2368476 (base 10) to base 11
1378520
Convert -125132 (base 9) to base 8.
-224226
1201a3 (base 15) to base 9
1552060
Convert -1672035 (base 8) to base 6.
-14245245
561415 (base 8) to base 12
915a5
What is 20835 (base 16) in base 6?
2504313
What is -260109 (base 12) in base 4?
-2113322121
What is 230155231 (base 7) in base 10?
14030878
What is 102100200110 (base 3) in base 9?
370613
15eecd (base 15) to base 13
2b2b65
-158400 (base 9) to base 16
-17eda
What is -2022002220 (base 3) in base 15?
-d636
a71a9 (base 14) to base 12
175769
-13726752 (base 8) to base 3
-12212202022011
What is 52201 (base 14) in base 11?
125805
What is -13034543 (base 6) in base 3?
-210120210200
Convert 55813b (base 15) to base 13.
ac9ac0
What is 161214040 (base 7) in base 16?
a5ba43
-1100011111101000111 (base 2) to base 5
-101100130
18758 (base 16) to base 10
100184
What is -256364 (base 15) in base 10?
-1792894
3273620 (base 8) to base 6
30530000
What is -11401052 (base 6) in base 3?
-200012000012
1032222233 (base 4) to base 10
322223
Convert -32131332021 (base 4) to base 11.
-216062a
Convert -2750124 (base 8) to base 10.
-774228
32075 (base 11) to base 3
2101000102
What is -79b14c (base 13) in base 8?
-12771764
3c283a (base 14) to base 5
1013102242
1000011000110111000 (base 2) to base 9
458043
What is 11b257 (base 15) in base 3?
1121001202201
237dc4 (base 14) to base 16
128198
Convert -68190 (base 13) to base 7.
-1415454
What is 8d9f6b (base 16) in base 6?
530533215
-1001111100001010100001 (base 2) to base 6
-131503321
Convert -30013632 (base 7)